t i be x(d). Let h be (22 - -2)*i/6. What is the greatest common factor of 84 and h?
12
Suppose 2*z - 15 = 99. What is the greatest common divisor of 19 and z?
19
Let x(o) = 2*o**2 - 3*o + 2. Let f be x(-4). Let v be (-3)/(-1*6/f). What is the highest common factor of v and 115?
23
Suppose p - 53 = 46. What is the greatest common factor of p and 11?
11
Suppose 3*s = 0, -4*t = -0*s - 3*s - 48. Calculate the highest common divisor of 42 and t.
6
Suppose 3*g - 26 = 10. Calculate the highest common divisor of 12 and g.
12
Let k = 8 - 5. Suppose -2*o = k*w - 13, 4*w - 25 = -5*o - w. Suppose o*d + 4*b = 150, 2*d = b - 6*b + 147. What is the highest common factor of d and 9?
9
Let p = 4 + 1. Let g(h) = h**3 - 3*h**2 + 7*h. Let o be g(p). Suppose b = 6*b - 85. What is the greatest common divisor of o and b?
17
Let b(z) = z**2 + z + 11. Let o be b(0). Let q be (16/10)/((-4 + -3)/(-385)). Calculate the greatest common divisor of q and o.
11
Let z(p) = -4*p + 2. Let r be z(5). Let g be (-1)/(2 - (-39)/r). Calculate the highest common divisor of g and 24.
6
Let q = 3 + 0. Suppose q*f = 33 - 9. Calculate the greatest common divisor of f and 1.
1
Let o(y) = 1 - 8 + 7 - 20*y. Let u be o(-2). Let c be (-1)/(-2)*0 + 8. What is the greatest common divisor of u and c?
8
Let c(o) = o**3 + 9*o**2 - 10*o + 5. Let t be c(-10). Calculate the greatest common factor of 5 and t.
5
Let g = 20 + -8. Suppose 4*u - g = -2*m, 3*u + m + 0 = 9. Suppose -l + 4*l + 9 = 0, -u*l + 31 = 4*n. What is the greatest common divisor of 90 and n?
10
Let q be -1*1*810/(-15). Calculate the highest common factor of q and 36.
18
Let a = 11 - -12. Let f be 2534/10 + (-2)/5. What is the highest common divisor of f and a?
23
Suppose -6*t = -t - 260. Suppose -5*x + 7 + 23 = 0. Suppose w - x*w + 4*r = -61, 10 = w - 3*r. Calculate the highest common divisor of w and t.
13
Let p be (3 - 0) + -8 - -7. Suppose -1 = -3*b + 2*b. Calculate the highest common factor of b and p.
1
Suppose -2*d + 5 = -1. Suppose -17 = -d*v - 0*s - s, 0 = -3*s - 12. What is the greatest common factor of v and 7?
7
Suppose 2 = 2*n - 10. Let i = 7 - n. Calculate the highest common factor of 1 and i.
1
Suppose 5*u = -4 + 14. Suppose 0 = u*t - 2 - 18. What is the highest common factor of t and 40?
10
Let p = 17 + -7. What is the greatest common factor of p and 110?
10
Let l(c) = -c + 8. Let s be l(4). Suppose -s*r + 11 + 9 = 0. Calculate the greatest common factor of 45 and r.
5
Let x be (-383)/(-7) + (-8)/(-28). Let d = -31 + x. What is the highest common factor of 8 and d?
8
Let b be -1 - -21 - (1 + 1). Let m = -640 - -1244. Suppose -3*p + 7*t = 2*t - m, t = -4*p + 790. Calculate the greatest common divisor of b and p.
18
Let q = -282 - -167. Let x be q*(-2 - 6/(-15)). Calculate the greatest common factor of 23 and x.
23
Suppose t + 2*n - n - 4 = 0, n = 5*t - 50. Let g = -32 - -95. What is the highest common factor of t and g?
9
Let t be (-6)/(-21) - (-248)/14. What is the highest common divisor of t and 27?
9
Suppose -6 = -2*m + 4. Suppose -3*j = m*l + j - 1316, 4*j - 260 = -l. Calculate the greatest common divisor of 24 and l.
24
Let g = 7 + -21. Let k be (-4)/(-14) - 626/g. Calculate the greatest common factor of 15 and k.
15
Let q = 39 + -11. What is the greatest common factor of 308 and q?
28
Let n(l) = l + 11. Let o be n(-8). Let p be (-2)/6 - (-25)/o. Let r be -1 + 1 - 1*-16. What is the highest common factor of r and p?
8
Let c be (42/9)/((-1)/(-3)). Let b(h) = h**3 + 5*h**2 + 4*h + 2. Let p be b(-4). Calculate the highest common divisor of p and c.
2
Let t be 4/((2 + 0)*1). Let z be (-14)/(-7) - 1/1. What is the highest common factor of z and t?
1
Suppose -3*t - 3*s = 2*t - 33, 6 = 2*t + 3*s. Calculate the greatest common factor of 18 and t.
9
Let z be (-2)/7 - 116/(-14). Let l = -12 + z. Let i be 2*l*35/(-5). What is the greatest common divisor of i and 8?
8
Let p be 26/169 - 282/(-26). Calculate the highest common factor of 33 and p.
11
Let b = -22 - -50. Suppose q = -q + 2*t - 24, -3*q + t = b. Let p be (4/q)/((-2)/60). What is the highest common divisor of p and 15?
15
Suppose -3*s - 3*i = 2*s - 60, 3*s - 17 = 2*i. Calculate the greatest common divisor of 72 and s.
9
Let q be (56/21)/(4/18). Calculate the highest common factor of q and 96.
12
Let o(q) = -18*q**2 - 2*q + 1. Let b be o(1). Let k = 3 - b. Let d be (-5)/15 - (-498)/9. Calculate the highest common divisor of k and d.
11
Let h(q) = q**2 + 4*q + 3. Let m be h(-6). Suppose l - m = 24. Let o = 72 - l. What is the highest common divisor of 3 and o?
3
Suppose -29*u + 25*u + 1248 = 0. What is the highest common divisor of u and 39?
39
Let s(j) = 4 - 2 - 2 + 44*j. Let a be s(2). Let w(d) = d**2 + 5*d + 2. Let u be w(-6). What is the greatest common factor of a and u?
8
Let b = 12 - -28. Calculate the greatest common factor of b and 10.
10
Let r be (18/45)/(2/(-150)). Let p = -63 + 117. Let g = p + r. What is the highest common factor of 36 and g?
12
Suppose 12*w - 5 = 7*w. Calculate the greatest common divisor of 1 and w.
1
Suppose 2*u + 4*a = 90, -3*a - 71 + 261 = 4*u. Calculate the greatest common factor of u and 7.
7
Let d = 2 + 2. Suppose 0 = w + d*y + 129, 0*w + w + 129 = -2*y. Let a = -69 - w. Calculate the greatest common factor of 12 and a.
12
Suppose 0 = -3*v + v, x = 2*v + 3. Let o = x - -2. Calculate the greatest common divisor of 1 and o.
1
Let m = -108 - -111. Let o = 32 - 11. What is the highest common factor of m and o?
3
Let s = 132 - -12. Suppose -s = -5*c - 24. Suppose 70 = 5*i - p, -2*i + c = i + 3*p. Calculate the greatest common factor of i and 13.
13
Suppose 4*l + 2*q - 222 = 0, -l = -4*l + 3*q + 153. Let v(w) = -15*w - 12. Let z be v(-2). Calculate the highest common divisor of l and z.
18
Let p(m) = -m - 8. Let f be p(8). Let r be 30/4*f/(-10). Calculate the highest common factor of 108 and r.
12
Suppose 5*t + 15 = 2*t, 5*a - 80 = 5*t. Suppose 0 = 13*f - 9*f - 176. What is the highest common divisor of f and a?
11
Let n(l) = l**3 - l**2 + 2*l - 3. Let r be n(2). Let i = 3 + r. Let h = i + 6. Calculate the highest common divisor of 98 and h.
14
Let m(n) = -n**3 + 20*n**2 + 21*n + 19. Let r be m(21). Calculate the highest common divisor of 152 and r.
19
Let u = 12 - -8. Let b = -8 + u. Calculate the highest common divisor of 60 and b.
12
Suppose 3*l - 9 = 0, 6*l = -3*v + 4*l + 33. Suppose 4*o = 6*o - 36. Calculate the greatest common divisor of v and o.
9
Suppose -4*i - m + 90 = -3*m, -i + 5*m + 9 = 0. What is the highest common factor of 216 and i?
24
Let x(i) = -i**3 + 8*i**2 - 4*i - 5. Let l(a) = 7*a**3 - a**2 + 1. Let p be l(1). Let n be x(p). What is the highest common factor of n and 2?
2
Suppose -3*b = 9*b - 432. Calculate the greatest common divisor of b and 4.
4
Let a be 129/27 - 6/(-27). Suppose w = -a + 16. Calculate the highest common factor of w and 44.
11
Let z be 5/10*3*2. Calculate the highest common divisor of 3 and z.
3
Suppose r + 440 = 5*r. Let o(a) = -a + 26. Let y be o(16). What is the greatest common divisor of y and r?
10
Let y = -32 + 76. Let p be 33/(-2)*y/(-33). Calculate the greatest common factor of p and 198.
22
Let k(b) = -b**2 + 2*b + 29. Let p be k(-4). Calculate the highest common factor of p and 2.
1
Let v(q) = q**3 - 5*q**2 - 3*q - 5. Let f be v(6). What is the greatest common factor of f and 52?
13
Suppose -52 - 28 = -2*q. What is the greatest common divisor of 60 and q?
20
Let u be -28*(5 - 30/4). Calculate the highest common divisor of 28 and u.
14
Suppose 2*i = 5*v + 5, v + 5*i - 27 = -v. Suppose 4*r + 7 = 3*u - 12, 4*r + 29 = 5*u. Calculate the highest common factor of v and u.
1
Suppose -5*c = 2*i - 124 - 357, 0 = -4*i + 3*c + 949. Calculate the greatest common divisor of 14 and i.
14
Let s be 12/(-4) + (-2 - -12). Suppose h + 18 = 4*z - s, 4*h = -4. What is the greatest common divisor of 9 and z?
3
Let k(m) = m**2 - 5*m - 4. Let j be k(-3). Suppose -22 - 28 = -5*v. What is the highest common divisor of v and j?
10
Let o(b) = -2*b + 1. Let d(f) = -4*f + 3. Let i(j) = -2*d(j) + 5*o(j). Let u be i(-2). Suppose u*c - 58 = -1. What is the highest common factor of 19 and c?
19
Let p(k) = 2*k**2 + 3*k - 14. Let x be p(-5). Calculate the highest common factor of x and 6.
3
Let r = -1 + 6. Suppose r*